 is divided by n.
5
Let r = -117497 + 117506. Calculate the remainder when r is divided by 10*(-2)/4*-1.
4
Let u(s) be the third derivative of -7*s**4/6 - s**3/3 + s**2. Calculate the remainder when u(-3) is divided by -5 + ((-3226)/(-12904) - ((-87)/6)/((-2)/(-3))).
14
Suppose -5*o - 2*y = -14, 0 = -2*o - 6*y + 2*y - 4. Calculate the remainder when 194 + 4 + (o + -5)*-2 is divided by 35.
25
Suppose 0*v + 5*v + w - 1784 = 0, 3*v + 5*w - 1088 = 0. Calculate the remainder when v is divided by 45.
41
What is the remainder when 723 is divided by 880/24 - 8 - (-4)/(-6)?
23
Suppose -31*q + 30*q + 4*s + 20012 = 0, -40031 = -2*q + s. Calculate the remainder when q is divided by 35.
31
What is the remainder when 715 is divided by (-225780)/(-2862) - (-1)/9?
4
Let i(g) = 13*g + 85. Let x(j) = -6. Let p(m) = -5*i(m) + 15*x(m). What is the remainder when p(-9) is divided by 2*2*57/6?
32
Let m(b) = -125*b + 4426. What is the remainder when 323 is divided by m(35)?
17
Let h be (-3 - -5)*(2 - -105). Let n be (-45)/30 - h/4. Let k = n - -66. What is the remainder when 43 is divided by k?
10
Let d(u) = -64*u - 21 - 3*u**3 + 6 - 4*u**2 + 3*u**2 + 59*u. What is the remainder when 38 is divided by d(-2)?
8
Let n = -6014 - -6200. What is the remainder when n is divided by 38?
34
Let o(w) = -w + 8. Let d be o(4). Suppose -d*r + r + 9 = 0. Let x = -1243 - -1260. What is the remainder when x is divided by r?
2
Let k(f) = 7*f - 67. Let g(j) = -24*j + 234. Let z(r) = -5*g(r) - 18*k(r). Calculate the remainder when (((-1)/(-2))/(-1))/(21/(-462)) is divided by z(5).
5
Let i = -131 - -134. Suppose -68 = -4*v - 0*v + 4*j, -5*j = i*v - 27. Calculate the remainder when 433 is divided by v.
13
Calculate the remainder when 773 is divided by -3 + 10 + 6 - -5.
17
Let f(w) = -112*w - 4. Let l be f(1). Let k be (l/(-8))/((-1)/(-6)). Suppose 0 = 2*p + 25 - k. What is the remainder when 122 is divided by p?
29
Suppose 3*v - 300 = -y + 122, 3*v + 2*y = 427. Let z = -118 + v. Calculate the remainder when 20*(-26)/(-5)*1 is divided by z.
20
Let c = 366 + -370. What is the remainder when 104 is divided by (-207)/(-6)*(c/(-6) + 0)?
12
Suppose 5*j = 0, -4*h - 3*j = h - 735. Suppose h = 3*g - 4*b + 9*b, 103 = 2*g + 5*b. Calculate the remainder when g is divided by 10.
4
Let z = -4937 + 4955. Calculate the remainder when 120 is divided by z.
12
Suppose 69*f + 45 = 3012. Let i be 2 - 3/(-1 - 2). Suppose i*v + 2 - 380 = 0. Calculate the remainder when v is divided by f.
40
Let y = 47 + -5. Suppose 4*p + y - 158 = 0. Let n = 38 - p. What is the remainder when 26 is divided by n?
8
Suppose -8*x = -512 - 512. Let m be 3 + (x/3)/((-9)/54). What is the remainder when 68 is divided by 10/(-2)*m/55?
22
Let j(m) = -91*m - 16. Let d be j(-6). Let i = d + -448. Calculate the remainder when 323 is divided by i.
77
Suppose 0 = -q - 5, 5*q = -11*k + 10*k + 34. What is the remainder when 293 is divided by k?
57
Let d = 15 - 8. Suppose 718 + 101 = -664*h + 6795. Calculate the remainder when h is divided by d.
2
Let a be ((-6)/(-15))/((-2)/2380*-7). Let p = a - 18. Let w(t) = -t**3 - 2*t**2 + 6*t + 5. Calculate the remainder when p is divided by w(-4).
11
Let n = -14999 + 15046. What is the remainder when n is divided by 7?
5
Let y(a) = -a**2 - 4*a + 164. What is the remainder when 168 is divided by y(-13)?
27
Let q = 20 + -20. Let y(d) = -5*d. Let s be y(q). Suppose s = 3*a - 43 - 17. What is the remainder when a is divided by 9?
2
Suppose -792 = -17*x - 7*x. What is the remainder when 1417 is divided by x?
31
Let u = 27 + -20. Suppose 3*i - 17 = -h, -2*h = -u*h + 4*i + 9. Suppose 0 = h*n + 4*m - m - 101, 4*m = -2*n + 32. What is the remainder when n is divided by 4?
2
Suppose -q - 2 = 0, 0 = 2*r - 6*r - 3*q + 694. Let t be 0/3 - -1*(0 + -537). What is the remainder when r is divided by (-6)/8 + t/(-12) + 0?
43
Let c(h) = -h**2 - 7*h + 13. Let s be c(-7). Suppose -14*q + 104 = -s*q. Suppose -q*l + 4 = -102*l. What is the remainder when 9 is divided by l?
1
Let p = -1496 + 1531. What is the remainder when p is divided by 25?
10
Suppose 0 = -161*v + 153*v + 376. What is the remainder when 92 is divided by v?
45
Let y = -59622 - -59734. Let n(f) be the third derivative of -3*f**6/20 - f**4/12 - f**3/6 + f**2. Calculate the remainder when y is divided by n(-1).
17
Let k = -13784 + 13887. Suppose -45 = -10*v + 7*v. Calculate the remainder when k is divided by v.
13
Suppose -844635 = -291*i + 777399. What is the remainder when i is divided by 33?
30
Suppose 0 = 18*q + 257 - 3011. Suppose -12 + q = 3*t. Calculate the remainder when t is divided by 37/3 - 3/9.
11
Let h = 77 - -294. Suppose 0 = 461*s - 438*s - 391. Calculate the remainder when h is divided by s.
14
Suppose 4*h - 2662 = -5*g, -3*g + 3*h + 2127 - 519 = 0. What is the remainder when g is divided by 24?
6
Let p = 8102 - 8003. What is the remainder when 1078 is divided by p?
88
Let f(u) = 25*u - 929. What is the remainder when 575 is divided by f(42)?
91
Suppose -71*l = -174604 - 192011 - 39931. Calculate the remainder when l is divided by 49.
42
Calculate the remainder when (((-70)/(-20))/7)/(0 + -1)*-1322 is divided by 95.
91
Let y(s) = s**3 - 24*s**2 - 4*s**2 + 10*s**2 + 0 + 20*s - 6. Calculate the remainder when 222 is divided by y(17).
42
Suppose 165 = 3*r - 139*d + 140*d, -r - 2*d + 65 = 0. What is the remainder when 207 is divided by r?
48
Let m(p) = 3*p - 9. Let a = -120 - -97. Let z = 19 - a. Calculate the remainder when z is divided by m(8).
12
Suppose 6*c - 87 = 3*c. Let g(t) = t**2 - 6*t + 5. Let h be g(5). Suppose 4*m - 992 + 308 = h. What is the remainder when m is divided by c?
26
Let h = 43289 + -43236. Let d be (15/10)/((-6)/(-8)). Let p = d - -4. What is the remainder when h is divided by p?
5
Let q = 14 - 8. Let p = 44127 - 44101. Calculate the remainder when p is divided by q.
2
Suppose -2*u - 10*q + 15*q + 399 = 0, 3*u - 582 = 2*q. Suppose -196*f + u*f = -68. What is the remainder when ((-2 + 135)/(-1))/(-1) is divided by f?
14
Let c(y) = -644*y**3 - 2*y**2 - y. Let l be c(-1). Let w = l - 397. Suppose -7*i + i + w = 0. What is the remainder when i is divided by 15?
11
Let m(q) = -q**3 + 10*q**2 + 67*q + 125. Calculate the remainder when 696 is divided by m(14).
138
Let s = -20 + 17. Let n be ((-180)/42)/(s*(-2)/42). Let w = 44 + n. Calculate the remainder when w is divided by 8.
6
Let a(o) = 29*o - 825. Calculate the remainder when 92 is divided by a(29).
12
Let j = 62 - 59. Suppose -2 = 3*a - 14, j*m + a - 10 = 0. What is the remainder when 37 is divided by ((-12)/(-10))/(m/(-5)) + 16?
11
Suppose -14*r + 2 = 3*t - 16*r, 37 = 3*t + 5*r. Suppose g - 20 = t*c + 17, 0 = g - c - 28. Calculate the remainder when g is divided by 11.
3
Let w(q) = -2*q**2 + 19*q - 6. Let r be w(9). Suppose -r*j + 19 = 2*f - 7, j = 5*f - 14. What is the remainder when 1 + 232/28 - j/21 is divided by 5?
4
Let a = 1555 - 1472. Calculate the remainder when 166 is divided by a.
0
Let m be (-10)/(-3) - (3 - 33/9). Suppose -3*p + 4*f = -47 - 6, 0 = -m*f + 4. Suppose p*v - 27 = 16*v. Calculate the remainder when 16 is divided by v.
7
Let t(p) = 4*p. Let z(j) = 9*j. Let a(c) = 5*t(c) - 2*z(c). Calculate the remainder when 52 is divided by a(7).
10
Suppose 149*g - 80*g - 8122 = 38*g. Suppose -23 = -t + 43. What is the remainder when g is divided by t?
64
Let o = -67 + 63. What is the remainder when 69 is divided by ((9/o)/3)/((-3)/72)?
15
Suppose a - 6 = -4*j, a + 5*j = 7 + 2. Let d be 28/a*6/16*-4. Calculate the remainder when 122 is divided by ((-372)/15)/(-4)*(-2 + d).
29
What is the remainder when 4080/(-56)*(-42)/12 is divided by 1?
0
Let z(i) = 2*i**3 - 45*i**2 + 28*i - 39. Calculate the remainder when 102 is divided by z(22).
9
Suppose -2*c + 6*c - 72 = 0. Let f be 48/64*16/3. Suppose u - 44 = -4*r + 78, 0 = -f*r - 2*u + 120. Calculate the remainder when r is divided by c.
13
Suppose j - 67 = -2*d - 9, 5*d + j = 148. Suppose -4*c + 2*k - d = 8, 5*c - 3*k = -45. Calculate the remainder when (c/(-15))/(5/1150) is divided by 37.
36
Let h = 1018 + -1002. Suppose 0 = -x - 0*x + 127. Calculate the remainder when x is divided by h.
15
Suppose 222 + 607 = 8*d - 323. What is the remainder when 1863 is divided by d?
135
Let t be (40/(-12))/((-2)/39). Suppose -2*p +